{"id":2250,"date":"2021-02-22T08:35:50","date_gmt":"2021-02-22T08:35:50","guid":{"rendered":"http:\/\/zsjawornik.pl\/?page_id=2250"},"modified":"2026-05-09T08:19:31","modified_gmt":"2026-05-09T08:19:31","slug":"dokumenty","status":"publish","type":"page","link":"https:\/\/zsjawornik.pl\/index.php\/dokumenty\/","title":{"rendered":"Dokumenty"},"content":{"rendered":"\n<div class=\"wp-block-file\"><a href=\"https:\/\/zsjawornik.pl\/wp-content\/uploads\/2021\/02\/Wniosek-o-wydanie-zaswiadczenia.docx\">Wniosek o wydanie za\u015bwiadczenia<\/a><a href=\"https:\/\/zsjawornik.pl\/wp-content\/uploads\/2021\/02\/Wniosek-o-wydanie-zaswiadczenia.docx\" class=\"wp-block-file__button wp-element-button\" download>Pobierz<\/a><\/div>\n\n\n\n<div class=\"wp-block-file\"><a href=\"http:\/\/zsjawornik.pl\/wp-content\/uploads\/2021\/02\/Wniosek-o-stypendium.docx\">Wniosek o stypendium<\/a><a href=\"http:\/\/zsjawornik.pl\/wp-content\/uploads\/2021\/02\/Wniosek-o-stypendium.docx\" class=\"wp-block-file__button wp-element-button\" download>Pobierz<\/a><\/div>\n\n\n\n<div class=\"wp-block-file\"><a href=\"http:\/\/zsjawornik.pl\/wp-content\/uploads\/2021\/02\/Wniosek-o-duplikat-legiitymacji.dotx\">Wniosek o duplikat legiitymacji<\/a><a href=\"http:\/\/zsjawornik.pl\/wp-content\/uploads\/2021\/02\/Wniosek-o-duplikat-legiitymacji.dotx\" class=\"wp-block-file__button wp-element-button\" download>Pobierz<\/a><\/div>\n\n\n\n<div class=\"wp-block-file\"><a id=\"wp-block-file--media-01c76160-5f4c-48f4-8f45-b0756c1bac59\" href=\"https:\/\/zsjawornik.pl\/wp-content\/uploads\/2025\/09\/Program_wychowawczo_profilaktyczny_rok_szkolny_2025_2026.docx\">Program_wychowawczo_profilaktyczny_rok_szkolny_2025_2026<\/a><a href=\"https:\/\/zsjawornik.pl\/wp-content\/uploads\/2025\/09\/Program_wychowawczo_profilaktyczny_rok_szkolny_2025_2026.docx\" class=\"wp-block-file__button wp-element-button\" download aria-describedby=\"wp-block-file--media-01c76160-5f4c-48f4-8f45-b0756c1bac59\">Pobierz<\/a><\/div>\n\n\n\n<div class=\"wp-block-file\"><a href=\"http:\/\/zsjawornik.pl\/wp-content\/uploads\/2021\/02\/Karta-zapisu-dziecka-do-swietlicy-szkolnej.docx\">Karta zapisu dziecka do \u015bwietlicy szkolnej<\/a><a href=\"http:\/\/zsjawornik.pl\/wp-content\/uploads\/2021\/02\/Karta-zapisu-dziecka-do-swietlicy-szkolnej.docx\" class=\"wp-block-file__button wp-element-button\" download>Pobierz<\/a><\/div>\n\n\n\n<div class=\"wp-block-file\"><a id=\"wp-block-file--media-e0605497-4183-4f3f-b25e-636718dd8946\" href=\"https:\/\/zsjawornik.pl\/wp-content\/uploads\/2025\/02\/Karta-zapisu-dziecka-do-I-klasy.docx\" target=\"_blank\" rel=\"noreferrer noopener\">Karta zapisu dziecka do I klasy<\/a><a href=\"https:\/\/zsjawornik.pl\/wp-content\/uploads\/2025\/02\/Karta-zapisu-dziecka-do-I-klasy.docx\" class=\"wp-block-file__button wp-element-button\" download aria-describedby=\"wp-block-file--media-e0605497-4183-4f3f-b25e-636718dd8946\">Pobierz<\/a><\/div>\n\n\n\n<div class=\"wp-block-file\"><a id=\"wp-block-file--media-ed4f2538-5c38-43ac-8eb4-4ff3827ac913\" href=\"https:\/\/zsjawornik.pl\/wp-content\/uploads\/2025\/02\/WNIOSEK-O-PRZYJECIE-DO-ODDZIAL.docx\">WNIOSEK O PRZYJ\u0118CIE DO ODDZIALU SPORTOWEGO<\/a><a href=\"https:\/\/zsjawornik.pl\/wp-content\/uploads\/2025\/02\/WNIOSEK-O-PRZYJECIE-DO-ODDZIAL.docx\" class=\"wp-block-file__button wp-element-button\" download aria-describedby=\"wp-block-file--media-ed4f2538-5c38-43ac-8eb4-4ff3827ac913\">Pobierz<\/a><\/div>\n\n\n\n<div class=\"wp-block-file\"><a id=\"wp-block-file--media-84c7900c-6cff-4b72-a127-1b9877fdcfe8\" href=\"https:\/\/zsjawornik.pl\/wp-content\/uploads\/2025\/09\/Zestaw-programow-nauczaniana-2025.docx\">Zestaw program\u00f3w nauczaniana 2025<\/a><a href=\"https:\/\/zsjawornik.pl\/wp-content\/uploads\/2025\/09\/Zestaw-programow-nauczaniana-2025.docx\" class=\"wp-block-file__button wp-element-button\" download aria-describedby=\"wp-block-file--media-84c7900c-6cff-4b72-a127-1b9877fdcfe8\">Pobierz<\/a><\/div>\n\n\n\n<div class=\"wp-block-file\"><a href=\"https:\/\/zsjawornik.pl\/wp-content\/uploads\/2024\/10\/SZKOLNY-ZESTAW-PODRECZNIKOW-2024-2025.docx\">SZKOLNY ZESTAW PODR\u0118CZNIK\u00d3W 2024-2025<\/a><a href=\"https:\/\/zsjawornik.pl\/wp-content\/uploads\/2024\/10\/SZKOLNY-ZESTAW-PODRECZNIKOW-2024-2025.docx\" class=\"wp-block-file__button wp-element-button\" download>Pobierz<\/a><\/div>\n\n\n\n<p><a href=\"https:\/\/zsjawornik.pl\/wp-content\/uploads\/2023\/09\/DOSTOSOWANIE-WYMAGAN-EDUKACYJNYCH-w-szkole-glowne.odt\">Dostosowanie wymaga\u0144 edukacyjnych <\/a><\/p>\n\n\n\n<p><a href=\"https:\/\/zsjawornik.pl\/wp-content\/uploads\/2025\/09\/Statut-2025-poprawiony-aneksem-nr-4.docx\">Statut Szko\u0142y Podstawowej <\/a><\/p>\n\n\n\n<p><a href=\"https:\/\/zsjawornik.pl\/wp-content\/uploads\/2025\/02\/Godziny-dostepnosci-1.docx\">Konsultacje<\/a><\/p>\n\n\n\n<p><a href=\"https:\/\/zsjawornik.pl\/wp-content\/uploads\/2023\/09\/Procedury-postepowania-w-sytuacjach-trudnych-i-kryzysowych-nowe.odt\">Procedury post\u0119powania w sytuacjach trudnych i kryzysowych <\/a><\/p>\n\n\n\n<p><a href=\"https:\/\/zsjawornik.pl\/wp-content\/uploads\/2023\/09\/REGULAMIN-1.docx\">Regulamin wypo\u017cyczenia komputer\u00f3w do nauki zdalnej <\/a><\/p>\n\n\n\n<p><a href=\"https:\/\/zsjawornik.pl\/wp-content\/uploads\/2024\/04\/STANDARDY-OCHRONY-MALOLETNICH.docx\">Standardy ochrony ma\u0142oletnich <\/a><\/p>\n\n\n\n<p><a href=\"https:\/\/zsjawornik.pl\/wp-content\/uploads\/2024\/10\/regulamin-parkingu.docx\">Regulamin korzystania z parkingu przed szko\u0142\u0105<\/a><\/p>\n\n\n\n<p><a href=\"https:\/\/zsjawornik.pl\/wp-content\/uploads\/2025\/02\/Informacje-dotyczace-przetwarzania-danych-osobowych.docx\"><strong>INFORMACJE DOTYCZ\u0104CE PRZETWARZANIA DANYCH OSOBOWYCH <\/strong><\/a><\/p>\n\n\n\n<p><strong><a href=\"https:\/\/zsjawornik.pl\/wp-content\/uploads\/2026\/05\/REGULAMIN-WYCIECZEK-SZKOLNYCH-na-strone.pdf\">Regulamin wycieczek szkolnych<\/a><\/strong><\/p>\n\n\n\n<p><\/p>\n\n\n\n<p><\/p>\n\n\n\n<p><\/p>\n\n\n\n<p><\/p>\n\n\n\n<p><\/p>\n\n\n\n<p><\/p>\n","protected":false},"excerpt":{"rendered":"<p>Dostosowanie wymaga\u0144 edukacyjnych Statut Szko\u0142y Podstawowej Konsultacje Procedury post\u0119powania w sytuacjach trudnych i kryzysowych Regulamin wypo\u017cyczenia komputer\u00f3w do nauki zdalnej Standardy ochrony ma\u0142oletnich Regulamin korzystania z parkingu przed szko\u0142\u0105 INFORMACJE DOTYCZ\u0104CE PRZETWARZANIA DANYCH OSOBOWYCH Regulamin wycieczek szkolnych<\/p>\n","protected":false},"author":1,"featured_media":0,"parent":0,"menu_order":0,"comment_status":"closed","ping_status":"closed","template":"","meta":{"ngg_post_thumbnail":0,"footnotes":""},"class_list":["post-2250","page","type-page","status-publish","hentry","clearfix"],"_links":{"self":[{"href":"https:\/\/zsjawornik.pl\/index.php\/wp-json\/wp\/v2\/pages\/2250","targetHints":{"allow":["GET"]}}],"collection":[{"href":"https:\/\/zsjawornik.pl\/index.php\/wp-json\/wp\/v2\/pages"}],"about":[{"href":"https:\/\/zsjawornik.pl\/index.php\/wp-json\/wp\/v2\/types\/page"}],"author":[{"embeddable":true,"href":"https:\/\/zsjawornik.pl\/index.php\/wp-json\/wp\/v2\/users\/1"}],"replies":[{"embeddable":true,"href":"https:\/\/zsjawornik.pl\/index.php\/wp-json\/wp\/v2\/comments?post=2250"}],"version-history":[{"count":30,"href":"https:\/\/zsjawornik.pl\/index.php\/wp-json\/wp\/v2\/pages\/2250\/revisions"}],"predecessor-version":[{"id":6422,"href":"https:\/\/zsjawornik.pl\/index.php\/wp-json\/wp\/v2\/pages\/2250\/revisions\/6422"}],"wp:attachment":[{"href":"https:\/\/zsjawornik.pl\/index.php\/wp-json\/wp\/v2\/media?parent=2250"}],"curies":[{"name":"wp","href":"https:\/\/api.w.org\/{rel}","templated":true}]}}