{"id":2186,"date":"2021-02-19T09:54:05","date_gmt":"2021-02-19T09:54:05","guid":{"rendered":"http:\/\/zsjawornik.pl\/?page_id=2186"},"modified":"2021-03-18T12:41:56","modified_gmt":"2021-03-18T12:41:56","slug":"historia","status":"publish","type":"page","link":"https:\/\/zsjawornik.pl\/index.php\/historia\/","title":{"rendered":"Historia"},"content":{"rendered":"\n<p>Pierwsza pisana wzmianka o Jaworniku Polskim pochodzi z 1448 roku i znajduje si\u0119<br>w przywileju lokacyjnym Dyl\u0105g\u00f3wki. Tereny te nale\u017ca\u0142y w tym czasie do rodu Kmit\u00f3w, nast\u0119pnie Stadnickich. O lokacji miasta w przedziale czasowym 1448-1472 zadecydowa\u0142o dogodne po\u0142o\u017cenie przy trakcie komunikacyjnym przebiegaj\u0105cym dolin\u0105 rzeki Mleczki. Od 1472 roku Jawornik Polski figuruje w dokumentach jako miasto. Najwi\u0119kszy okres \u015bwietno\u015bci miasteczko i okoliczne wsie prze\u017cywa\u0142y w drugiej po\u0142owie XVI wieku i pierwszych latach XVII wieku. W tym czasie rozwija\u0142o si\u0119 rzemios\u0142o i handel. Jawornik by\u0142 miastem otwartym, bez fortyfikacji, o kwadratowym rynku i drewnianej zabudowie, jako miasto pe\u0142ni\u0142 bardzo istotn\u0105 rol\u0119 w latyfundiach magnackich, b\u0119d\u0105c o\u015brodkiem administracyjno-gospodarczym d\u00f3br. W mie\u015bcie mieszka\u0142a administracja i s\u0142u\u017cba dworska ni\u017cszego szczebla. Miasto by\u0142o r\u00f3wnie\u017c g\u0142\u00f3wnym organizatorem wymiany handlowej o regionalnym zasi\u0119gu. Od 1856r. rozpocz\u0105\u0142 si\u0119 powolny upadek miasteczka i ubo\u017cenie mieszka\u0144c\u00f3w spowodowany przej\u015bciami wojsk oraz rozbiorami. Pomimo utraconych praw miejskich w 1846 roku Jawornik Polski stanowi\u0142 nadal centrum administracyjno-handlowe dla okolicznych miejscowo\u015bci. W 1851 roku miejscowy proboszcz zorganizowa\u0142 grup\u0119 dzieci mog\u0105cych ucz\u0119szcza\u0107 do szko\u0142y parafialnej, kt\u00f3ra powsta\u0142a na zlecenie w\u0142adz ko\u015bcielnych. W \u00f3wczesnych czasach jednym z zada\u0144 administracji ko\u015bcielnych by\u0142a nie tylko nauka religii, ale tak\u017ce pisania, czytania i rachowania. Nauczycielem w szkole parafialnej by\u0142 proboszcz, kt\u00f3remu w obowi\u0105zkach pedagogicznych pomaga\u0142 organista. W grudniu 1872 roku w\u0142adze miasta i gminy Jawornik spisa\u0142y Akt Fundacyjny szko\u0142y w celu poprawy warunk\u00f3w nauczania. Rada Szkolna Krajowa zatwierdzi\u0142a ten akt dnia 01.07.1873r. W tym samym roku w szkole, opr\u00f3cz proboszcza, zatrudniono jednego nauczyciela. Izba lekcyjna mie\u015bci\u0142a si\u0119 w niewyko\u0144czonym budynku stoj\u0105cym tradycyjnie nieopodal ko\u015bcio\u0142a. Do 1909 roku w Jaworniku funkcjonowa\u0142a jednoklasowa szko\u0142a, w kt\u00f3rej uczy\u0142o trzech nauczycieli. Nie uleg\u0142y jednak poprawie warunki lokalowe. Jedna izba szkolna nie by\u0142a w stanie pomie\u015bci\u0107&nbsp; wszystkich dzieci, tote\u017c nauka odbywa\u0142a si\u0119 w izbach prywatnych dom\u00f3w. W 1910 roku w Jaworniku wybudowano okaza\u0142y, jak na owe czasy budynek, w kt\u00f3rym znajdowa\u0142o si\u0119 mieszkanie dla nauczyciela i kancelaria. Trzy lata p\u00f3\u017aniej w 1913 roku w Jaworniku by\u0142a ju\u017c szko\u0142a dwuklasowa z powi\u0119kszonym planem szk\u00f3\u0142 czteroklasowych.<br>W tej szkole uczy\u0142o pi\u0119ciu nauczycieli. W tym te\u017c okresie czasu nast\u0105pi\u0142 dalszy rozw\u00f3j szkolnictwa. W 1936 roku w Jaworniku w wyniku stara\u0144 \u00f3wczesnego kierownika szko\u0142y \u2013 Jana Bomby, zorganizowano siedmioklasow\u0105 szko\u0142\u0119 rozwojow\u0105. Do klas V-VII ucz\u0119szcza\u0142y tak\u017ce dzieci z Hadel Szklarskich, Widaczowa i Szklar. Klas\u0119 VII ko\u0144czy\u0142y tylko dzieci zamo\u017cniejszych ch\u0142op\u00f3w i \u017byd\u00f3w. W czasie okupacji niemieckiej ju\u017c w 1939 roku zorganizowano tajne nauczanie na szczeblu podstawowym i gimnazjum. Szczeg\u00f3lne zas\u0142ugi w rozw\u00f3j tajnego nauczania w\u0142o\u017cyli Bronis\u0142aw \u0141ysiak, Kazimiera Szpindor, Jan Rybka, Antoni Lenczar oraz Stanis\u0142aw Szczepa\u0144ski. Do ko\u0144ca czerwca 1987 roku szko\u0142a mie\u015bci\u0142a si\u0119 w budynku wybudowanym w 1910 roku.&nbsp;&nbsp;&nbsp;&nbsp;<br>1 wrze\u015bnia 1987 roku uroczy\u015bcie dokonano otwarcia nowego budynku szko\u0142y, w kt\u00f3rym do dyspozycji mieli uczniowie sale lekcyjne wyposa\u017cone w pomoce dydaktyczne i \u015brodki audiowizualne, sal\u0119 gimnastyczn\u0105, bibliotek\u0119, sto\u0142\u00f3wk\u0119, sekretariat.&nbsp;&nbsp;&nbsp;&nbsp;&nbsp;&nbsp;<br>Honorowym go\u015bciem uroczysto\u015bci by\u0142 wiceminister Spraw Wewn\u0119trznych genera\u0142 brygady- pan Zbigniew Pudysz. Budowa obiektu i otwarcie odby\u0142o si\u0119 dzi\u0119ki zaanga\u017cowaniu Naczelnik Gminy \u2013 pani Anny Jamrozik.&nbsp;&nbsp;&nbsp;&nbsp;&nbsp;&nbsp;&nbsp;&nbsp;&nbsp;&nbsp;&nbsp;<br>W latach 1985-1994 dyrektorem szko\u0142y by\u0142 mgr Jan Jamrozik. W 1990r. rozpocz\u0119\u0142y si\u0119 starania o nadanie imienia szkole. Zainteresowani tym byli uczniowie i ich rodzice, ksi\u0105dz proboszcz J\u00f3zef Menet oraz nauczyciele. 30 wrze\u015bnia 1994 roku odby\u0142o si\u0119 posiedzenie Spo\u0142ecznego Komitetu do spraw nadania imienia, na kt\u00f3rym ustalono harmonogram dzia\u0142a\u0144 zmierzaj\u0105cych do nadania imienia szkole podstawowej. W 75 rocznic\u0119 urodzin Papie\u017ca, 20 maja 1995 roku szko\u0142a prze\u017cy\u0142a niezwyk\u0142\u0105 uroczysto\u015b\u0107 nadania imienia Jana Paw\u0142a II i wr\u0119czenie sztandaru. Akt nadania imienia szkole wr\u0119czy\u0142a Kurator O\u015bwiaty w Przemy\u015blu \u2013 Zofia Wojciechowska. W\u00f3wczas dyrektorem szko\u0142y by\u0142&nbsp; in\u017c. Marian Koba, kt\u00f3ry pe\u0142ni\u0142 t\u0119 funkcj\u0119 w latach 1994 \u2013 2004.&nbsp;&nbsp;<br>Po tym wyj\u0105tkowym dniu pozosta\u0142y przekazane szkole w imieniu Jana Paw\u0142a II przez r\u0119ce ks. Abp J\u00f3zefa Michalika \u2013 oryginalna fotografia z autografem Ojca \u015awi\u0119tego i apostolskim b\u0142ogos\u0142awie\u0144stwem dla szko\u0142y w Jaworniku Polskim oraz teksty encyklik i list Jana Paw\u0142a II \u2013 w Roku Rodziny dla dzieci, kt\u00f3re znajduj\u0105 si\u0119 w Izbie Pami\u0119ci. Tego dnia zosta\u0142a tak\u017ce umieszczona na \u015bcianie w holu na parterze po\u015bwi\u0119cona marmurowa tablica z wizerunkiem Papie\u017ca ufundowana przez Rad\u0119 So\u0142eck\u0105. Ojciec \u015awi\u0119ty w li\u015bcie do ca\u0142ej wsp\u00f3lnoty szko\u0142y na dzie\u0144 20 maja 1995 roku \u017cyczy\u0142 <em>\u201e(\u2026) aby ta szko\u0142a by\u0142a zawsze wierna wznios\u0142ym tradycjom polskiej kultury i we wsp\u00f3\u0142pracy z rodzicami oraz wsp\u00f3lnym wysi\u0142kiem nauczycieli i wychowawc\u00f3w przygotowywa\u0142a przysz\u0142e pokolenia&nbsp; Polak\u00f3w do \u017cycia w duchu szacunku dla warto\u015bci chrze\u015bcija\u0144skich, \u015bwiadomych swych obowi\u0105zk\u00f3w wobec Boga, Ojczyzny<br>i Spo\u0142ecze\u0144stwa\u201d.<\/em><\/p>\n\n\n\n<p>Dzie\u0144 ten ka\u017cdego roku szkolnego ma uroczyst\u0105 opraw\u0119 i obchodzony jest jako \u015bwi\u0119to szko\u0142y. Ze wzgl\u0119du na posiadane imi\u0119 uczniowie i nauczyciele podejmuj\u0105 liczne zadania w ramach Og\u00f3lnopolskiej Rodziny Szk\u00f3\u0142 im. Jana Paw\u0142a II. Co roku uczniowie szko\u0142y uczestnicz\u0105 w Og\u00f3lnopolskiej Pielgrzymce Rodziny Szk\u00f3\u0142 do Cz\u0119stochowy i w Podkarpackim Rajdzie Szk\u00f3\u0142 im. Jana Paw\u0142a II.<\/p>\n\n\n\n<p>1 wrze\u015bnia 1999r. rozpoczyna si\u0119 reforma o\u015bwiaty, kt\u00f3ra wprowadzi\u0142a nowy zestaw program\u00f3w nauczania, jak i opisow\u0105 ocen\u0119 uczni\u00f3w klas pocz\u0105tkowych. Wprowadzone zosta\u0142y \u015bcie\u017cki edukacyjne i nauczanie blokowe. O\u015bmioletni\u0105 szko\u0142\u0119 podstawow\u0105 przekszta\u0142cono w sze\u015bcioletni\u0105 oraz od 1 wrze\u015bnia 1999r. powsta\u0142o Gimnazjum nr 1 w Jaworniku Polskim, kt\u00f3re mie\u015bci\u0142o si\u0119 w tym samym budynku. Dyrektorem gimnazjum zosta\u0142a mgr Zofia Jaremkiewicz, kt\u00f3ra pe\u0142ni\u0142a t\u0119 funkcj\u0119 do 31.08.2007 roku.&nbsp;&nbsp;&nbsp;&nbsp;&nbsp;&nbsp;&nbsp;<br>Od 2001 roku integraln\u0105 cz\u0119\u015bci\u0105 Szko\u0142y Podstawowej w Jaworniku Polskim by\u0142a szko\u0142a filialna z klasami I-III w Hadlach Szklarskich, kt\u00f3ra funkcjonowa\u0142a do 31&nbsp; sierpnia 2015 roku pod kierownictwem mgr Gra\u017cyny Mazur.<\/p>\n\n\n\n<p>Od roku szkolnego 2007\/2008 Szko\u0142\u0119 Podstawow\u0105 i Gimnazjum przekszta\u0142cono w Zesp\u00f3\u0142 Szk\u00f3\u0142 nr 1 w Jaworniku Polskim obejmuj\u0105cy Szko\u0142\u0119 Podstawow\u0105 wraz z fili\u0105 w Hadlach Szklarskich i Gimnazjum.<\/p>\n\n\n\n<p>Od 2005 do 2012 roku funkcj\u0119 dyrektora pe\u0142ni\u0142 mgr Stanis\u0142aw Hop. W 2010r. uchwa\u0142\u0105 Rady Gminy w Jaworniku Polskim nadano imi\u0119 Jana Paw\u0142a II Gimnazjum. Uroczysto\u015b\u0107 odby\u0142a si\u0119 20 maja. Mszy \u015awi\u0119tej przewodniczy\u0142 ks. Biskup Adam Szal.&nbsp; Gimnazjum otrzyma\u0142o w\u0142asny sztandar.<\/p>\n\n\n\n<p>W 2017 roku wesz\u0142a w \u017cycie kolejna reforma. Przywr\u00f3cono o\u015bmioletni\u0105 szko\u0142\u0119 podstawow\u0105 oraz rozpocz\u0119\u0142o si\u0119 stopniowe wygaszanie gimnazjum, kt\u00f3re zako\u0144czy\u0142o dzia\u0142alno\u015b\u0107 31 sierpnia 2019r.&nbsp;&nbsp;&nbsp;&nbsp;&nbsp;&nbsp;<br>Od 1 wrze\u015bnia 2019r. funkcjonuje Szko\u0142a Podstawowa im. Jana Paw\u0142a II w Jaworniku Polskim, kt\u00f3rej dyrektorem jest mgr in\u017c. Romana Dubas. Funkcj\u0119 t\u0119 pe\u0142ni od marca 2013r. po pani mgr Bo\u017cenie Chohurze.<\/p>\n","protected":false},"excerpt":{"rendered":"<p>Pierwsza pisana wzmianka o Jaworniku Polskim pochodzi z 1448 roku i znajduje si\u0119w przywileju lokacyjnym Dyl\u0105g\u00f3wki. Tereny te nale\u017ca\u0142y w tym czasie do rodu Kmit\u00f3w, nast\u0119pnie Stadnickich. O lokacji miasta w przedziale czasowym 1448-1472 zadecydowa\u0142o dogodne po\u0142o\u017cenie przy trakcie komunikacyjnym przebiegaj\u0105cym dolin\u0105 rzeki Mleczki. Od 1472 roku Jawornik Polski figuruje w dokumentach jako miasto. Najwi\u0119kszy [&hellip;]<\/p>\n","protected":false},"author":1,"featured_media":0,"parent":0,"menu_order":0,"comment_status":"closed","ping_status":"closed","template":"","meta":{"ngg_post_thumbnail":0,"footnotes":""},"class_list":["post-2186","page","type-page","status-publish","hentry","clearfix"],"_links":{"self":[{"href":"https:\/\/zsjawornik.pl\/index.php\/wp-json\/wp\/v2\/pages\/2186","targetHints":{"allow":["GET"]}}],"collection":[{"href":"https:\/\/zsjawornik.pl\/index.php\/wp-json\/wp\/v2\/pages"}],"about":[{"href":"https:\/\/zsjawornik.pl\/index.php\/wp-json\/wp\/v2\/types\/page"}],"author":[{"embeddable":true,"href":"https:\/\/zsjawornik.pl\/index.php\/wp-json\/wp\/v2\/users\/1"}],"replies":[{"embeddable":true,"href":"https:\/\/zsjawornik.pl\/index.php\/wp-json\/wp\/v2\/comments?post=2186"}],"version-history":[{"count":4,"href":"https:\/\/zsjawornik.pl\/index.php\/wp-json\/wp\/v2\/pages\/2186\/revisions"}],"predecessor-version":[{"id":2443,"href":"https:\/\/zsjawornik.pl\/index.php\/wp-json\/wp\/v2\/pages\/2186\/revisions\/2443"}],"wp:attachment":[{"href":"https:\/\/zsjawornik.pl\/index.php\/wp-json\/wp\/v2\/media?parent=2186"}],"curies":[{"name":"wp","href":"https:\/\/api.w.org\/{rel}","templated":true}]}}